tive of b**5/60 - b**4/24 - b**3/2 - 9*b**2. Give f(g).
-3
Let b(n) = -3*n - 8. Let u be b(-6). Let m = u + -14. Let l(c) be the third derivative of c**4/24 - 2*c**3/3 + c**2. Calculate l(m).
-8
Suppose 0 = x - 3*u + 13, -3*u + 52 = -4*x - 5*u. Let t(z) = 7 + 6*z + z**2 + 8*z + 11. Let l be t(x). Let q(r) = r**3 - 4*r**2 - 4*r + 1. Calculate q(l).
6
Let b(j) = -5*j + 0*j - 26 + 2*j + 25. Let w(t) be the second derivative of -2*t**3/3 - t**2/2 + t. Let f(x) = 7*b(x) - 5*w(x). Determine f(5).
-7
Let v = 14 - 19. Let n(h) = -h**3 - 6*h**2 - 7*h - 7. Let u be n(v). Let z(m) be the first derivative of m**2/2 + 1. Determine z(u).
3
Suppose n = 6*n + 3*o - 31, -n = 5*o - 15. Let t be ((-8)/(-12))/(4/18). Let y(j) = -2 - t*j - 6*j**2 + j**3 + 5 + 6*j. What is y(n)?
-7
Let c(s) = -4*s + 4*s + 1 + 6*s**2 - 3*s + 4*s. Determine c(-1).
6
Let q(h) = 2*h**2 - h - 1. Let x be (-4)/(-8) + (-145)/(-10). Suppose 2*y + 4 = 0, -2*u + 5*y = -x + 1. Calculate q(u).
5
Let o be 0 + -2 + (-18)/(-3). Suppose -4 = -o*d - 0. Let y be (3 - 0)*d/(-1). Let x(n) = -2*n**2 - 4*n. Give x(y).
-6
Let a(h) = 3*h**3 - 9*h**2 + 17*h - 14. Let n(k) = -k**3 + 3*k**2 - 6*k + 5. Let b(u) = -4*a(u) - 11*n(u). Calculate b(3).
-5
Suppose 3*x - 4 = x. Let s(c) = 2 + c**x - 1 + 1 + 6*c. Let g be 1 + 5*-1 - 1. Determine s(g).
-3
Suppose 0 = 3*q - 8*q + 25. Let t(s) = -s**3 + 4*s**2 + 7*s - 6. Calculate t(q).
4
Let j(s) be the first derivative of -s**2/2 - s - 2. Let d be j(-3). Let l(t) = 3 - 4*t**d - 2 - 4*t**2. Determine l(1).
-7
Suppose 4*l + 3*y = 27, 0 = l - 5*l + 4*y - 8. Let x(o) = -6*o**3 - 4 - o + 4*o**l - 7*o**2 + o**3. What is x(-7)?
3
Let d(t) = t**2 - 7*t - 13. Let l be d(8). Let r(u) = -u**2 - 7*u - 4. Calculate r(l).
6
Let w(s) = -42 + 20 + 20 + s**2. Calculate w(4).
14
Let j(k) = -k - 8. Let m be j(-7). Let q(u) = -u - 2. Calculate q(m).
-1
Suppose -10 + 6 = -4*k. Let x(b) = -b**2 + 2*b - 1. Calculate x(k).
0
Let n(m) = 2*m - 3586 - m**3 + 2*m**2 + 3586. What is n(3)?
-3
Let m be 4/30 - 368/60. Let o be 5/2*m/5. Let b(r) = r**3 + 4*r**2 + r + 3. Determine b(o).
9
Let t(i) = -15 - i - 12 - 14 + 34. What is t(0)?
-7
Let u(a) = 8*a**2 - a - 1. Let z be (2/8)/(8/(-32)). Give u(z).
8
Let p(a) = 3*a - 19. Let m be p(8). Let v(h) = -h**3 + 4*h**2 + 7*h - 6. What is v(m)?
4
Let t(x) = 2 - 3*x**3 + 2*x**3 - 4*x + 0*x + 5*x**2. Calculate t(3).
8
Let b(t) = -12*t**3 - t + 1. Let v = 85 + -84. Calculate b(v).
-12
Let w(f) = -5*f - 3 - 3 - 2*f**2 + f**3 + 4. Let c be 4*((-11)/3 - -4)*3. Determine w(c).
10
Let n = 8 - 6. Let r(q) be the second derivative of -q**4/12 + q**3/2 + q**2 + q - 21. Determine r(n).
4
Let f(h) = -6 - 3 + 2 + h. Let l(k) = -k**3 + 2*k**2 + 5*k - 3. Let d be l(3). Suppose 1 = -3*r - c + d*c, -7 = -4*r + c. Determine f(r).
-4
Let c(o) be the second derivative of o**5/10 - o**4/12 - o**3/3 - o**2/2 - 7*o. What is c(-1)?
-2
Let g(u) = -5 - 13 + 15 + u**2 - 3*u. Let b = 6 - 1. Determine g(b).
7
Let m(r) = -3 + 2*r + r + 1 - 5*r**2. What is m(2)?
-16
Let w be 6*1/2*1. Let r(t) = -4 + 9*t**3 + t + w - 8*t**3 + 4. Let i be (-4)/(-14) + (-4)/14. What is r(i)?
3
Let x = 2 - -3. Let v(m) = -m**2 + 3*m + 5. Calculate v(x).
-5
Let d(g) = -g**2 + g - 2. Let y(v) = -2*v**2 + 3*v - 4. Let p(w) = 5*d(w) - 2*y(w). Calculate p(0).
-2
Let a(h) be the second derivative of -h**7/840 - h**6/360 - h**5/120 - h**4/4 - h. Let c(r) be the third derivative of a(r). What is c(-2)?
-9
Let v(k) = k**2 + 2*k - 5. Let o(u) = u**3 - 8*u**2 + 2*u + 12. Let f be o(7). Let j = f + 19. Give v(j).
3
Let r(g) = g**3 - 3*g**2 - 4*g - 3. Let w be (-2)/(-14) + (-385)/(-49). Suppose -t = -3*t + w. Give r(t).
-3
Let r(v) = -v**2 + 1. Suppose 0 = x + 4*x - 4*j - 6, 0 = x - j - 2. Let l be r(x). Let w(q) = -q - 3. Give w(l).
0
Let f(g) = g**2 - 4*g - 4. Let l be f(5). Let d(a) = 4*a - 6*a - 1 + 4*a**2 - a**3 + l. Let n = 11 - 8. Calculate d(n).
3
Let n(u) = u**2 - 7*u - 5. Let h(b) = 2*b**2 - b**2 - 7*b - 5 + b + 0. Let y(t) = 4*h(t) - 3*n(t). Suppose 0 = 5*l - 22 - 3. Determine y(l).
5
Let b be 90/8 + (-1)/4. Let j = b - 7. Let l(m) = -5 + 3*m + 3*m**2 - 2*m**2 - j*m. Determine l(0).
-5
Let b(q) = 4*q**2 - q + 1. Let r(v) = -v**3 + 0*v**3 + 0*v**3 - 5 - v - 6*v**2. Let p be (15/(-15))/(2/12). Let l be r(p). Determine b(l).
4
Let d(x) = x**2 - 8*x - 21. Let o be d(9). Let a(f) = f**2 + 11*f - 10. What is a(o)?
2
Let o(w) = -2*w**2 - 3*w + 9. Let h be o(-4). Suppose 0*d = 3*d + 45. Let l = h - d. Let x(m) = m**2 - 3*m - 2. Give x(l).
2
Let j(y) = -y**3 - 2*y**2 + 5*y + 4. Let r(u) = u**3 - 3*u**2 - u - 1. Let i(n) = -n + 1. Let x be i(-2). Let t be r(x). Calculate j(t).
16
Let s(q) = -q**3 + 5*q**2 + 8*q - 2. Suppose 2*y + 0*y = -10, -2*m = 5*y + 13. What is s(m)?
10
Let i(t) = -t - 10. Let q be 1/((-26)/(-9) - 3). Give i(q).
-1
Let x be (0/(15/5))/(-2). Let l(y) = -y**3 - 1. Calculate l(x).
-1
Let i(n) = -2*n - 7. Let a(z) = -4 + 10*z**2 - 19*z**2 - 1 + 10*z**2 + 4*z. Let d be a(-4). Give i(d).
3
Let o(q) = 2*q**2 - q. Let h be o(1). Let w(b) = 13*b**2 - 14*b + 11. Let f(j) = -4*j**2 + 5*j - 4. Let z(c) = 11*f(c) + 4*w(c). Determine z(h).
7
Let t(w) = 15*w**2 - w. Let b(x) = x**3 - 8*x**2 - 2*x + 15. Let g be b(8). Determine t(g).
16
Suppose -u = 2*b - 2*u - 14, -2*b - 3*u + 6 = 0. Let h(j) = -j**2 + 3*j - 9. Let r(v) = v**2 - 2*v + 9. Let c(k) = 6*h(k) + 5*r(k). Give c(b).
3
Suppose 4*f - 55 + 7 = 0. Let z be (-6)/f*(0 - 0). Let a(k) = k**3 + k + 1. Give a(z).
1
Let k(v) be the first derivative of 6 - 1/3*v**3 + 0*v**2 + 6*v. Give k(0).
6
Let y(r) = 2*r. Let o = 87 + -59. Suppose l - o = 5*l. Let b = l + 3. Determine y(b).
-8
Let n(d) be the second derivative of -d**4/12 - 7*d**3/6 + 2*d**2 + d. Let p(k) = -k**2 + 17*k + 11. Let u be p(18). Give n(u).
4
Suppose -31 = -2*x + 5*t, 5 = -2*t - 5. Let l(b) = -2*b - 2 - b**2 + x + b. Let g(u) = 2*u**2 - 6*u + 6. Let z(p) = -g(p) - l(p). Give z(5).
3
Let l(p) = 2*p - 19. Let v be l(8). Let w(c) = c**2 + 1. What is w(v)?
10
Let d(z) = -z**2 + 11*z - 7. Let f(t) = -t**2 + 12*t - 8. Let m(w) = 3*d(w) - 2*f(w). Let p be 4/(-8) + (-13)/(-2). Give m(p).
13
Suppose f = -3*s - 0*s + 6, 0 = 3*s - 9. Let d be (-4)/(-2)*(f - -1). Let r(w) = w**2 + 4*w + 2. Give r(d).
2
Let v(k) = 2*k - 1. Let q = 11 - 15. What is v(q)?
-9
Let c(o) be the third derivative of 5*o**4/12 + o**3/6 - 3*o**2. Calculate c(1).
11
Let a(d) = 3*d + 3. Let g be a(-2). Let p(w) be the third derivative of -w**4/8 - 2*w**3/3 - 5*w**2. Determine p(g).
5
Suppose 11*y - 99 = -0*y. Let w(c) = -c**3 + 9*c**2 + 1. Give w(y).
1
Let n(m) be the second derivative of 2*m**3/3 - m**2 + 7*m. Determine n(2).
6
Let a(b) = b**2 + 3 - 2*b - 1 + b. Let x be 0 + (-1 - (-2 + 1)). Suppose x = -t - t. Calculate a(t).
2
Let p(g) = 0*g + 0*g - 6*g + 3*g. What is p(-3)?
9
Let j(g) be the first derivative of -2*g**3/3 - 3*g**2/2 + 2*g - 19. What is j(2)?
-12
Let m(x) be the third derivative of -x**6/360 - x**5/20 + x**4/4 + x**3/2 + x**2. Let y(k) be the first derivative of m(k). Determine y(-6).
6
Let y(v) = 5*v - 9. Let z(f) = -f + 2. Let n(p) = -2*y(p) - 11*z(p). Give n(3).
-1
Let y(i) = 6 + i + 3*i - 3*i. Let x(f) = f - 5. Let b be x(5). Suppose 6*z + 2*g = 3*z - 11, 5*z - g + 27 = b. Determine y(z).
1
Let y(z) = z**2 + 7*z + 5. Let b = 7 + -14. Let i be y(b). Let h(v) = -2*v**2 + 4*v**2 - i*v**2 + 2*v**2. What is h(-1)?
-1
Let w(g) = g. Let p be ((-1)/2)/(2/24). Let d = p - -3. Calculate w(d).
-3
Let z = 44 - 47. Let p(d) = -d**3 - 4*d**2 - 2*d + 3. Calculate p(z).
0
Let y(p) = -2*p. Let o(s) = -4*s. Let n(m) = 6*o(m) - 10*y(m). Determine n(-1).
4
Let k be -10*((-7)/10*-2 - 1). Let f(a) be the first derivative of a**2 + 2*a - 2. Give f(k).
-6
Let o(i) = i + 3. Let h be 6/(-10)*(-10)/2. Let r(x) = -x**2 + 4*x. Let f be r(h). Let p = f + -3. Determine o(p).
3
Suppose 10 = -5*c - 10. Let w(b) = -b**3 - 5*b**2 - 2*b - 3. What is w(c)?
-11
Suppose -2*q + 3*q = 5. Let m(w) = -w - q*w**2 - 2*w + 4*w**2 - 3. Let x(t) = t. Let r be x(-4). What is m(r)?
-7
Let i be 3/4*-2 - 15/(-2). Let y(k) = k**3 - 5*k**2 - 6*k + 8. Determine y(i).
8
Let o(x) = x + 4. Let z be o(-3). Let b be (-1 - -3)/(3 - z). Let y(p) = 0 - p + 2 - b. Calculate y(5).
-4
Suppose -4*l = 5*c - 25 + 5, 4*c = 5*l + 16. Let s(j) be the first derivative of -j**2/2 - 9*j 